/((-2)/2). What are the prime factors of t(u)?
2, 3, 43
Let x = -18160 + 45558. What are the prime factors of x?
2, 7, 19, 103
Let b(a) be the first derivative of a**3 - 2*a**2 + 4*a - 11. Let g be b(5). Let d = g - 18. What are the prime factors of d?
41
Let c be (-3 - -2)/(1 - (-384)/(-385)). Let s = 1491 + c. List the prime factors of s.
2, 7, 79
Let l(r) = -25*r**2 - 9*r - 11. Let b(m) = 49*m**2 + 19*m + 24. Let y(n) = -4*b(n) - 9*l(n). List the prime factors of y(2).
3, 43
Let y(r) = -2*r**2 + 5*r - 9. Let w be (3/4)/((-12)/(-48)). Let m be y(w). Let i(p) = p**2 + 7*p + 27. What are the prime factors of i(m)?
3, 29
Let v(y) = -1120*y + 4825. What are the prime factors of v(-23)?
3, 5, 2039
List the prime factors of (-2 - -4261) + 120/12 + -13.
2, 7, 19
Suppose -17*a - 123 = -20*a. Suppose a*o = 37*o + 1724. List the prime factors of o.
431
Suppose -172*o = -166*o - 2580. Suppose 5*s = y - o - 294, 3*y - 2134 = -4*s. List the prime factors of y.
2, 3, 7, 17
Let p(v) = 0*v + 6*v - 6 + 0*v - 4*v. Let u be p(7). Suppose -u*w + 900 = -900. List the prime factors of w.
3, 5
Suppose 4*u + 37831 - 158495 = -3*t, -4*u + 4 = 0. What are the prime factors of t?
2, 5, 2011
Let i = -20 + 37. Let y = 1 + i. Let u(f) = f**2 - 17*f - 15. What are the prime factors of u(y)?
3
Let q be (-20)/(-12) + -2*3/9. Let i be q + 0 + (3 + 0)/3. Suppose 3*m - m = 5*x + 258, -i*m - x + 246 = 0. What are the prime factors of m?
2, 31
Let t(a) = -11*a**2 - 21*a - 73. Let f(x) = 6*x**2 + 10*x + 37. Let k(j) = 5*f(j) + 2*t(j). What are the prime factors of k(-15)?
3, 191
Suppose -2*t = 5*y - 33, -5*t + 0*t + 2*y = -10. Suppose 4*x = -t*d + 3616, 4*d - 3*x - 943 = 2673. What are the prime factors of d?
2, 113
Suppose -2*n + 15 = 13. Suppose -15 = f + n. List the prime factors of ((-45)/(-12))/((-6)/f).
2, 5
Let h(l) = 1771*l - 335. List the prime factors of h(13).
2, 709
Let g = -3802 - 183. Let z = g + 5675. List the prime factors of z.
2, 5, 13
Let y = 10686 - -2261. List the prime factors of y.
11, 107
Suppose -3*a + 6*a + 5233 = 5*l, 5*l = 5*a + 5225. Suppose f - l = -z, -6 = 26*f - 28*f. What are the prime factors of z?
2, 523
Suppose -4*o - 4*y = -20, -3*o = -2*y - 7 - 8. Suppose o*l = 6*f + 704, -5 = -f - 4*f. List the prime factors of l.
2, 71
Suppose -18*r - 362440 = -23*r - 21*r. What are the prime factors of r?
2, 5, 17, 41
Let h = -235 - -400. Suppose -4*n - 65 = -5*n - m, -3*n + 3*m + h = 0. Suppose 14*a - n = 9*a. List the prime factors of a.
2, 3
Suppose -10*d + 6 = -7*d. Suppose x - d*f + 4 = 2*f, -1 = -3*x - f. Suppose 0 = 3*u + 5*l + 23 - 227, x = -2*u - 5*l + 131. List the prime factors of u.
73
Suppose 6*h + 5*h - 506 = 0. List the prime factors of ((-40)/(-6))/(h/1449).
2, 3, 5, 7
Suppose -655936 - 1610518 = -54*c - 497900. What are the prime factors of c?
3, 1213
Suppose -644 = 24*f - 6452. Let m = f + 115. What are the prime factors of m?
3, 7, 17
Let n(p) = -2*p**3 - 3*p**2 + 9. Let t be n(-4). Suppose -t = -10*k - 9. Let z(q) = q**3 - 5*q**2 - 11*q + 8. List the prime factors of z(k).
2, 7
Suppose -26*u + 247914 = -242642 - 91064. List the prime factors of u.
2, 5, 2237
Let x(a) = -11 + 19*a + 32*a - 19*a. Let j = 9038 + -9034. What are the prime factors of x(j)?
3, 13
Let a be (-22)/(-8) - (-12)/(-16) - 5. What are the prime factors of (-10*a/2)/(7/567)?
3, 5
Suppose -u - 3207 + 11226 = 0. Suppose -16206 - u = -19*s. List the prime factors of s.
3, 5, 17
Let s be (-4)/(-5 + 4) + 146. Suppose o - 3 = 0, -6*w + s = -w - 5*o. Let i = w - -18. What are the prime factors of i?
3, 17
What are the prime factors of (517/(-33))/(6/(-447)*8/288)?
2, 3, 47, 149
Let q = -233 - -236. Suppose -20*a + 22*a + 1997 = 3*c, -1314 = -2*c - q*a. What are the prime factors of c?
3, 13, 17
Let p be 1092 + ((-8)/8 - 10/(-2)). Let u = -453 + p. What are the prime factors of u?
643
List the prime factors of 214/(-14)*-16 + (-44)/77.
2, 61
Let h = -807 + 809. Suppose 981 = -j + 2*j - 4*s, -1953 = -h*j - s. What are the prime factors of j?
977
Let v(y) = y + 10. Let a be v(59). Let r = 27 + 57. Let p = r + a. List the prime factors of p.
3, 17
Let j(w) = -3*w**3 + 76*w**2 + 7*w - 15. What are the prime factors of j(-8)?
6329
Let n be ((-75)/(-50))/(1/10). What are the prime factors of 1111/3 + (-8 - -3)/n?
2, 5, 37
Suppose 5*q + 201 + 24 = 0. Let d = q - -50. Suppose 0 = 2*f + 3*u + u - 222, 0 = 5*f - d*u - 600. List the prime factors of f.
3, 13
Suppose 0 = -4*f + 3*c + 872, f - 49 = -4*c + 150. Suppose -f = -2*y + 235. Suppose -7*x + 2*x = -y. What are the prime factors of x?
3, 5
Let k = 81396 - 47077. List the prime factors of k.
34319
Let y(q) be the third derivative of q**4/3 + q**3/6 - q**2. Let l(k) = -16*k - 1. Let z(g) = 2*l(g) + 5*y(g). What are the prime factors of z(6)?
3, 17
Let p be (44/77)/(2/14) + 26. Suppose -7 = -o + p. What are the prime factors of o?
37
Suppose -687160 - 420690 = -134*l + 13730. What are the prime factors of l?
2, 3, 5, 31
What are the prime factors of (27/15)/(1 - 474942/474955)?
3, 7307
Suppose -3*j = 2*z - 6, -4*z + 67 = -3*j + 55. Suppose 0 = -4*w - 3*o + 800 - 149, 3*w - 3*o - 504 = j. List the prime factors of w.
3, 5, 11
Suppose 3*o = 9*o + 306. Let n = 53 + o. List the prime factors of -6 + 2 + 186/n.
89
Suppose 109 = 37*w + 701. What are the prime factors of 8/w - 1881/(-2)?
2, 5, 47
Let j be (0 + 6/(-10))/(93/(-3155955)). Suppose 32*c - 10743 = j. List the prime factors of c.
2, 3
Suppose -3*j + 3*y - y = 3816, -3*y + 9 = 0. Let u = 29 - j. What are the prime factors of u?
3, 433
Suppose 4*l - 9*l = 30, -l + 11679 = 3*z. List the prime factors of z.
5, 19, 41
Let m be (-42552)/(-21) + 0 + 10/(-35). Suppose -2*p + m = -494. What are the prime factors of p?
2, 3, 5, 7
Let r = 144209 - 70455. List the prime factors of r.
2, 36877
Let q(j) = -j**3 - 12*j**2 + 7*j - 20. Let p be q(-13). Let z = p + -51. Suppose 4*d - 289 = -4*t + z, 2*t = 4*d + 130. What are the prime factors of t?
71
Let x(o) = 2*o**3 + 11*o**2 - 6*o + 5. Let g be x(-6). Let v be g/(9 + -4) + 31. Suppose -2*n + 252 = -v. What are the prime factors of n?
2, 71
Suppose -336 = -2*x - 326. Suppose -r - 3*a + 403 = 0, -x*r + 3*a - 797 = -7*r. List the prime factors of r.
2, 197
Suppose -7*b = -32 + 4. Let w be 2/10 + 48/10. Suppose 0*j - w*j = -n + 31, b*n - 3*j = 158. What are the prime factors of n?
41
Let j be 94/6 - 7/(-21) - 1. Let y be (-4)/28 - j/(-7). Suppose 4*w + 5*s - 922 = 0, 2*w + y*s - 169 - 293 = 0. List the prime factors of w.
233
Let a(f) = -16*f - 22. Suppose 3*o = -5*w + 112 + 298, -163 = -2*w - o. Suppose 9 + w = -11*k. What are the prime factors of a(k)?
2, 53
Let t(m) = -m**2 - 8*m + 211. Let s be t(11). Suppose -s*v + 5*n + 3107 = 0, 2*v = 4*n + 1679 + 1423. What are the prime factors of v?
23, 67
Suppose 7296 = 3*p - 25632. List the prime factors of p.
2, 7
Let p(q) = -q**2 - 7*q - 4. Let b be p(9). Suppose 12*k - 3332 + 224 = 0. Let y = b + k. List the prime factors of y.
3, 37
Suppose 21*l = 17*l - 2*x + 18836, 6*x = 0. What are the prime factors of l?
17, 277
Suppose 3*s - 3*d + 202 = 1261, s - 347 = -5*d. Suppose -216 = -n - 5*y, -5*n + 1020 = 95*y - 90*y. Let g = s - n. List the prime factors of g.
151
Suppose 5*r + 160481 = -4*b + 536451, 0 = 2*b - 7*b. What are the prime factors of r?
2, 7, 41, 131
Let x(s) = -s**2 + 3*s + 33. Let v be x(8). Let o be ((-3)/(-9))/(v/(-2289)). Suppose -l = 2*d - 285, -21 - o = -d + 2*l. List the prime factors of d.
2, 5, 7
Let r be 2/(-8) - 5235/(-12). Let s = -235 + r. What are the prime factors of s?
3, 67
Let z = 5 + -3. Suppose -6 = -3*p - 3, 0 = -4*c - 5*p + 1661. Suppose j = -z*j + c. List the prime factors of j.
2, 3, 23
Let y = 49325 + 3126. List the prime factors of y.
7, 59, 127
What are the prime factors of (3 - 835/(-4))/((-50)/(-1400))?
7, 11
Suppose -3*z + 7 = -n + 23, n - 8 = z. Let v(a) be the third derivative of a**5/6 - 5*a**4/24 + a**3/6 + a**2. List the prime factors of v(z).
181
Let s be ((-36)/30)/(4/(-10)). Suppose -4*k = -z - s*k + 662, 1996 = 3*z - 5*k. What are the prime factors of z?
3, 73
Let d(y) = -5*y**2 - 3*y**2 + 2*y - 7 - y**3 + 6*y + 0*y**3. Let c be d(-9). Suppose -c*q + 252 = 54. List the prime factors of q.
3, 11
Let d be (-2)/(3*(-6)/45). Suppose 3*m + 2*m + 25 = -